{"id":2,"date":"2014-10-29T21:24:53","date_gmt":"2014-10-29T21:24:53","guid":{"rendered":"http:\/\/www.mastercontrolprogramm.de\/?page_id=2"},"modified":"2014-10-29T23:44:36","modified_gmt":"2014-10-29T21:44:36","slug":"beispiel-seite","status":"publish","type":"page","link":"https:\/\/www.mastercontrolprogramm.de\/?page_id=2","title":{"rendered":"Was?"},"content":{"rendered":"<p>Geschichten schreiben ist wie dar\u00fcber reden k\u00f6nnen, was wirklich, wirklich weh tut. Aber gleichzeitig packt man alles in eine gigantisch gro\u00dfe Metapher, so dass nur die Farben dieses Bildes die gleichen sind, aber das Bild selbst etwas v\u00f6llig Anderes. So klappt Reden ohne Scham.<\/p>\n<p>Meine Geschichten sind oft grausam und der Protagonist hat eigentlich keine Chance. Manchmal scheint sich das Blatt noch zu wenden, um dann nur um so f\u00fcrchterlicher zu scheitern. Andere sind einfach nur traurig, wie der Tag nach dem Ende, wo alles bereits vorbei ist, aber man selbst aber immer noch da. Manche sind auch lustig, meist auf eine skurrile und verquere Art. Grunds\u00e4tzlich sind alle schr\u00e4g, wie ein Traum, der da am Rande des Vergessens zappelt und nicht mehr zur\u00fcck kommen will.<\/p>\n","protected":false},"excerpt":{"rendered":"<p>Geschichten schreiben ist wie dar\u00fcber reden k\u00f6nnen, was wirklich, wirklich weh tut. Aber gleichzeitig packt man alles in eine gigantisch gro\u00dfe Metapher, so dass nur die Farben dieses Bildes die gleichen sind, aber das Bild selbst etwas v\u00f6llig Anderes. So klappt Reden ohne Scham. Meine Geschichten sind oft grausam und der Protagonist hat eigentlich keine &hellip; <a href=\"https:\/\/www.mastercontrolprogramm.de\/?page_id=2\" class=\"more-link\"><span class=\"screen-reader-text\">Was?<\/span> weiterlesen <span class=\"meta-nav\">&rarr;<\/span><\/a><\/p>\n","protected":false},"author":1,"featured_media":0,"parent":0,"menu_order":0,"comment_status":"open","ping_status":"open","template":"","meta":{"footnotes":""},"class_list":["post-2","page","type-page","status-publish","hentry"],"_links":{"self":[{"href":"https:\/\/www.mastercontrolprogramm.de\/index.php?rest_route=\/wp\/v2\/pages\/2","targetHints":{"allow":["GET"]}}],"collection":[{"href":"https:\/\/www.mastercontrolprogramm.de\/index.php?rest_route=\/wp\/v2\/pages"}],"about":[{"href":"https:\/\/www.mastercontrolprogramm.de\/index.php?rest_route=\/wp\/v2\/types\/page"}],"author":[{"embeddable":true,"href":"https:\/\/www.mastercontrolprogramm.de\/index.php?rest_route=\/wp\/v2\/users\/1"}],"replies":[{"embeddable":true,"href":"https:\/\/www.mastercontrolprogramm.de\/index.php?rest_route=%2Fwp%2Fv2%2Fcomments&post=2"}],"version-history":[{"count":2,"href":"https:\/\/www.mastercontrolprogramm.de\/index.php?rest_route=\/wp\/v2\/pages\/2\/revisions"}],"predecessor-version":[{"id":7,"href":"https:\/\/www.mastercontrolprogramm.de\/index.php?rest_route=\/wp\/v2\/pages\/2\/revisions\/7"}],"wp:attachment":[{"href":"https:\/\/www.mastercontrolprogramm.de\/index.php?rest_route=%2Fwp%2Fv2%2Fmedia&parent=2"}],"curies":[{"name":"wp","href":"https:\/\/api.w.org\/{rel}","templated":true}]}}